mine t(30).
48
Let m(w) = w**3 + 37*w**2 + 320*w + 192. Determine m(-24).
0
Let m(y) = y**2 - 6*y - 4. Determine m(3).
-13
Let z(f) = -f**3 + 16*f**2 + 79*f - 778. What is z(18)?
-4
Let d(f) = -46*f + 1511. Calculate d(33).
-7
Let m(n) = n**2 - 76*n + 1081. Determine m(19).
-2
Let g(z) = z**2 - 18*z + 66. Calculate g(9).
-15
Let k(p) = 42*p**2 + 34*p - 70. Calculate k(2).
166
Let v(i) = 2*i**3 - 11*i**2 + 12*i - 7. Calculate v(5).
28
Let y(s) = -31*s + 644. What is y(21)?
-7
Let d(c) = -2*c**3 - 8*c**2 - 327*c - 1676. Determine d(-5).
9
Let f(x) = -3*x**2 - 126*x - 112. What is f(-41)?
11
Let f(u) = u**3 - u**2 + 3*u + 17. Give f(0).
17
Let b(j) = 2*j**3 + 24*j**2 + 53*j + 327. What is b(-11)?
-14
Let h(b) = -2*b**2 + 84*b + 4. Calculate h(42).
4
Let d(r) = 172*r + 49. Calculate d(3).
565
Let o(v) = 9*v**2 + 8*v + 88. Determine o(-5).
273
Let p(k) = k**3 - 22*k**2 - 159*k + 3111. Determine p(23).
-17
Let v(u) = -407*u - 4052. Calculate v(-10).
18
Let g(t) = 6*t**2 - 4. Calculate g(-4).
92
Let k(d) = -d**2 - 159*d - 3283. What is k(-135)?
-43
Let y(u) = -127*u + 2926. What is y(23)?
5
Let d(t) = t**3 + 72*t**2 + 1247*t - 7. Determine d(-43).
-7
Let b(r) = r**3 + 38*r**2 + 162*r - 13. Determine b(-6).
167
Let i(m) = -75*m + 7503. Determine i(100).
3
Let i(j) = 82*j**3 + 4*j**2 + j - 2. Give i(1).
85
Let k(q) = -2*q**2 - 45*q - 236. Calculate k(-15).
-11
Let q(f) = f**2 - 9*f + 82. Determine q(13).
134
Let b(l) = l**2 - 17*l - 83. Determine b(21).
1
Let w(o) = o**3 - 14*o**2 + o - 274. Calculate w(15).
-34
Let j(g) = g**2 + 687*g - 1374. Calculate j(2).
4
Let z(b) = -46*b**3 + 1198*b**2 - 51*b - 40. Calculate z(26).
-14
Let m(w) = -3*w - 63. What is m(-38)?
51
Let b(w) = -w**2 - 122*w - 2119. Give b(-101).
2
Let q(k) = 3*k**2 - 123*k - 41. Give q(37).
-485
Let m(a) = 2*a**2 - 569*a - 11552. Determine m(-19).
-19
Let f(k) = k**3 - 69*k**2 - 3*k + 208. Calculate f(69).
1
Let c(h) = h**3 - 29*h**2 - 7*h + 57. Calculate c(29).
-146
Let c(b) = -1121*b + 4488. Determine c(4).
4
Let c(a) = -a**3 - 24*a**2 - 69*a - 139. What is c(-21)?
-13
Let z(p) = -p**2 - 190*p + 21266. What is z(79)?
15
Let r(a) = -249*a - 497. Determine r(-2).
1
Let r(o) = -624*o - 1236. Give r(-2).
12
Let f(x) = 3*x**3 + 12*x**2 + 34*x + 135. Give f(-4).
-1
Let g(t) = 4768*t - 28617. Calculate g(6).
-9
Let z(s) = -2*s**2 + 51*s + 1879. Give z(46).
-7
Let i(f) = -f**3 - 39*f**2 + 44*f + 198. Calculate i(-40).
38
Let q(j) = j**3 + 17*j**2 + 86*j + 119. Give q(-9).
-7
Let t(n) = -n**3 + 6*n**2 + 56. Give t(10).
-344
Let k(f) = -f**2 - 41*f - 177. What is k(-33)?
87
Let v(o) = 2*o**2 + 2*o - 279. Determine v(13).
85
Let i(k) = 2*k**3 + 23*k**2 + 29*k - 12. What is i(-10)?
-2
Let z(u) = 49*u - 935. What is z(19)?
-4
Let a(r) = -2*r**3 + 19*r**2 + 27*r - 163. Determine a(10).
7
Let m(j) = 9*j + 378. Calculate m(-33).
81
Let g(l) = -l**2 - 132*l - 1113. Calculate g(-9).
-6
Let d(b) = 614*b - 11054. What is d(18)?
-2
Let h(j) = -5*j**2 - 31*j + 2. Calculate h(-3).
50
Let r(m) = 3*m**2 - 286*m + 2635. Give r(85).
0
Let j(t) = 2*t**2 - 446*t + 3449. Give j(215).
9
Let z(v) = -323*v + 102. Determine z(1).
-221
Let f(m) = 8*m**3 + 17*m**2 - 71*m - 3. Give f(4).
497
Let m(d) = 4*d**3 + 2*d**2 - 15*d + 20. Give m(3).
101
Let m(o) = -o**3 + 9*o**2 - 659*o + 7491. Give m(11).
0
Let q(o) = o**3 - 17*o**2 - 17*o + 45. Give q(18).
63
Let a(j) = -j**3 - 6*j**2 - 11*j - 114. What is a(-7)?
12
Let g(q) = q**3 + 6*q**2 + 32*q + 743. Calculate g(-10).
23
Let g(b) = b**2 - 142*b - 96. Give g(0).
-96
Let u(q) = q**3 + 16*q**2 - 40*q - 59. Give u(-18).
13
Let q(r) = -1085*r**2 + 20613*r + 38. Give q(19).
0
Let a(t) = 23*t - 285. What is a(6)?
-147
Let c(n) = n**3 - 8*n**2 - 50*n + 32. What is c(11)?
-155
Let v(m) = m**2 + 31*m - 2215. Give v(-65).
-5
Let h(l) = -5*l**2 - 4*l + 30. What is h(5)?
-115
Let l(o) = -39*o + 1433. Give l(34).
107
Let x(u) = -8*u**3 - 193*u**2 + 174*u - 28. What is x(-25)?
-3
Let a(x) = -x**3 + 74*x**2 + 74*x + 61. Determine a(75).
-14
Let h(b) = -162*b - 3535. Determine h(-22).
29
Let k(b) = -8*b**2 + 42*b - 28. Determine k(7).
-126
Let u(r) = -69*r**2 - 18*r. Determine u(-1).
-51
Let r(g) = -9*g**2 - 174*g - 361. Give r(-17).
-4
Let s(v) = -v**2 - 123*v + 1321. Calculate s(10).
-9
Let n(f) = f**3 + 4*f**2 + f - 15. Give n(-3).
-9
Let k(w) = 117*w + 6791. Give k(-58).
5
Let z(o) = -514*o + 5181. What is z(10)?
41
Let b(n) = n**3 - 20*n**2 - 49*n + 946. Give b(20).
-34
Let w(z) = 15*z + 244. What is w(-17)?
-11
Let x(s) = s**3 - 25*s**2 - 226*s + 56. Calculate x(32).
-8
Let y(u) = -u**3 + u**2 + 1100*u - 8. What is y(0)?
-8
Let l(r) = -91*r + 264. Calculate l(3).
-9
Let d(r) = 28*r**2 + 1500*r - 1500. Determine d(1).
28
Let k(x) = -30*x**3 + 21*x**2 - 24*x + 2. Determine k(1).
-31
Let c(k) = 54*k**3 + 2*k**2 - k - 3. Determine c(-1).
-54
Let h(g) = 27819*g - 55643. What is h(2)?
-5
Let w(o) = -o**2 - 23*o + 47. What is w(-21)?
89
Let t(s) = s**3 + 2*s**2 - 2*s + 233. Calculate t(-7).
2
Let a(q) = 22*q**3 - 524*q**2 - 97*q + 23. Determine a(24).
-1
Let d(t) = -11*t**2 + 825*t + 207. What is d(75)?
207
Let n(f) = -2*f**3 - 41*f**2 + 88*f + 1352. What is n(-21)?
-55
Let l(v) = v**2 - 9*v - 36. What is l(23)?
286
Let m(o) = -35*o**2 + 52*o - 169. What is m(4)?
-521
Let d(v) = 18*v - 12. What is d(-1)?
-30
Let q(d) = -d**3 + 9*d**2 - 8*d + 165. Determine q(10).
-15
Let s(y) = 2*y**2 + 27*y - 11. Calculate s(-13).
-24
Let p(x) = -79*x - 540. What is p(-7)?
13
Let j(v) = -v**2 - 1151*v - 34727. What is j(-31)?
-7
Let f(j) = 279*j + 505. Calculate f(-2).
-53
Let q(a) = 6*a**3 - 56*a**2 - 21*a + 342. What is q(9)?
-9
Let t(w) = -487*w - 6331. Give t(-13).
0
Let x(o) = -7*o**2 - 82*o + 1306. Give x(9).
1
Let k(z) = -104*z**2 - 1042*z - 21. Determine k(-10).
-1
Let q(s) = 2*s**2 + 22*s + 48. Calculate q(-8).
0
Let x(y) = y + 33. What is x(-47)?
-14
Let x(y) = -11*y**2 + 111*y + 10. Calculate x(8).
194
Let o(n) = -32*n - 72. Give o(-4).
56
Let v(q) = q**3 + 15*q**2 + 57*q + 54. Give v(-11).
-89
Let a(s) = -3*s**2 + 4*s + 24. Calculate a(0).
24
Let v(y) = -103*y - 2569. Determine v(-25).
6
Let k(m) = 5*m**3 + 100*m**2 + 7*m + 123. Give k(-20).
-17
Let x(m) = 6*m**3 + 3*m**2 - m - 4. What is x(-2)?
-38
Let a(j) = 25*j + 351. Calculate a(-13).
26
Let n(y) = 5*y**2 + 220*y - 1794. Give n(7).
-9
Let x(b) = 2*b**3 - 6*b**2 - 24*b + 2. Give x(-3).
-34
Let f(d) = -15809*d**2 + 126471*d + 10. Give f(8).
2
Let c(u) = -u**3 + 25*u**2 - 40*u + 1265. What is c(26)?
-451
Let j(a) = -2*a + 23. What is j(-28)?
79
Let j(s) = -10*s**3 - 3*s**2 + 2*s - 4. What is j(0)?
-4
Let c(y) = 1214*y - 70413. Give c(58).
-1
Let x(b) = 7*b - 37. Determine x(15).
68
Let q(s) = 456*s + 2715. Calculate q(-6).
-21
Let c(w) = w**3 - 83*w**2 + 157*w + 77. Calculate c(81).
-328
Let b(q) = q**2 - 436*q - 21636. Determine b(-45).
9
Let t(v) = v**3 + 15*v**2 + 23*v + 982. Give t(-17).
13
Let v(p) = 23*p + 500. What is v(-21)?
17
Let d(a) = 296*a - 62. Give d(-1).
-358
Let m(z) = 2*z**2 + 75*z + 450. Give m(-6).
72
Let a(y) = 3*y**2 - 185*y + 118. What is a(61)?
-4
Let s(h) = -16*h**2 + 45*h - 3. What is s(3)?
-12
Let s(a) = 2*a**3 - 25*a**2 + 8*a - 103. Calculate s(12).
-151
Let g(j) = -j**2 + 2*j + 740. What is g(0)?
740
Let u(w) = -473*w + 1330. What is u(3)?
-89
Let f(m) = -2*m**3 - 73*m**2 - 125*m - 5985. Calculate f(-37).
9
Let c(t) = -2*t - 45. What is c(-24)?
3
Let w(j) = -j**3 - 5*j**2 - 2*j + 35. Calculate w(-6).
83
Let w(p) = 12*p**3 - 47*p**2 - 5*p + 2. Give w(4).
-2
Let q(y) = y**3 + 17*y**2 + 12*y - 74. What is q(-16)?
-10
Let z(w) = 698*w - 3511. What is z(5)?
-21
Let t(h) = -9*h + 422. What is t(19)?
251
Let k(d) = 75*d - 6. Determine k(1).
69
Let c(o) = o**3 + 123*o**2 - 475*o - 94. Calculate c(4).
38
Let h(f) = f**3 + 33*f**2 - 155*f + 1321. Calculate h(-38).
-9
Let l(q) = -55*q**2 + 882*q - 6. Give l(16).
26
Let p(o) = -38*o + 2962. Calculate p(78).
-2
Let h(m) = 1412*m + 4237. Determine h(-3).
1
Let c(a) = -a**3 + 70*a**2 - 200*a + 215. Give c(67).
282
Let l(d) = d**3 - 42*d**2 + 3*d - 134. Calculate l(42).
-8
Let p(k) = 2*k**3 + 45*k**2 + 25*k - 12. Determine p(-22).
-78
Let u(a) = a**3 - 10*a**2 + 3*a + 22. Give u(6).
-104
Let d(g) = g**2 - 13*g - 122. Determine d(18).
-32
Let t(w) = -427*w**3 - 3*w**2 + 4*w.